2
Let p be 0/((-1 - -1) + -2). Suppose p = 2*h - h - 8. Suppose -4*x + 0*x = -h. Calculate the remainder when 3 is divided by x.
1
Let t = -3 - 6. Let u(g) = g**3 + 9*g**2 + 4. Let d be u(t). Suppose 4*w - 28 = 2*r, -d = -w - 0*r - r. Calculate the remainder when 15 is divided by w.
3
Let n(a) = 4*a + 1. Let x(w) = 3*w - 6. Let c be x(-8). Let m = c - -54. Calculate the remainder when m is divided by n(3).
11
Let x(k) = k + 6. Let c be x(4). Suppose 0 = j - 4*u - c - 22, -2*j + u + 85 = 0. What is the remainder when j is divided by 9?
8
Let y be 26*(-6)/4*-1. Suppose 0 = 2*g - 2*d - 13 - 19, 4*g = -d + y. Calculate the remainder when g is divided by 2/3 - (-10)/3.
3
Suppose 2*c = c. Let g = 7 + c. What is the remainder when 27 is divided by g?
6
Let l = -22 + 37. Suppose 2*m + 172 = 4*a + 4*m, -a + 3*m = -43. Calculate the remainder when a is divided by l.
13
What is the remainder when 44 is divided by ((-28 - 0) + 4)/(-2)?
8
Suppose -69 = -3*n - 0*n. Let q = -8 + n. What is the remainder when q is divided by 8?
7
Let a = 10 + -8. Suppose -n = a*n - 63. What is the remainder when 83 is divided by n?
20
Let a(n) = 3*n**2 + 2*n + 2. Let d be a(-2). What is the remainder when 26 - -1*(1 - 0) is divided by (-6)/d - (-152)/20?
6
Let f be 0/(-3 - -7 - 2). Let j = f + 11. What is the remainder when 41 is divided by j?
8
Let m(k) = -2*k + 21. Suppose 0 = n + 2*h - 8 - 6, -3*h + 18 = n. Calculate the remainder when m(6) is divided by n.
3
Let k(w) = -w - 1. What is the remainder when 16 is divided by k(-10)?
7
Let s(y) = y**2 - 8*y - 7. Let r be s(10). Let t = -10 + r. What is the remainder when 11 is divided by t?
2
Let z(n) = -n**3 + n**2 + 5*n - 6. Let l(p) = -p**2 - p. Let o(k) = -4*l(k) + z(k). What is the remainder when 34 is divided by o(6)?
10
What is the remainder when 66 is divided by (-495)/(-35) + 1/(-7)?
10
Let f(x) = 13*x + 3. Let z(w) = 4*w**2 + 1. Let t be z(1). Let u(q) = 2*q**2 - 6*q - 5. Calculate the remainder when f(2) is divided by u(t).
14
Let d(l) = l + 25. Calculate the remainder when d(-9) is divided by 9.
7
Let j = 25 - -19. Suppose 5*p = 2*y - 43, 6*y + 4*p - j = 2*y. What is the remainder when y is divided by 4?
2
Let t = -17 - -50. Calculate the remainder when t is divided by 7.
5
Suppose 2*j - 2*w = 5*j - 101, -4*j = 3*w - 133. What is the remainder when j is divided by 13?
11
Suppose -105 = -4*w + 271. Calculate the remainder when w is divided by 16.
14
Let n(m) = 21*m. Let i be n(-3). Let z = -31 - i. Suppose 77 = 4*h - 3*d, -34 = -4*h - 2*d + 28. What is the remainder when z is divided by h?
15
Let d(v) = -v**3 + 6*v**2 + v + 7. Let h(n) = 3*n - 2. Let i be h(-4). Let j = i - -20. What is the remainder when 36 is divided by d(j)?
10
Suppose -2*a + 2*d = -a - 8, -2*a = d - 6. What is the remainder when 24 is divided by a?
0
Let z(d) = -29*d + 3. Calculate the remainder when z(-3) is divided by 23.
21
Let v(n) = -6*n. Let z be v(-1). Let w(f) = f**3 - 5*f**2 - 5*f - 8. Let j be w(z). What is the remainder when (8/(-3) - j)*-3 is divided by 2?
0
Let v(h) = -5*h - 1. Let a be v(-1). Suppose -a*g = -5*g + 124. Suppose -q = 3*q - g. What is the remainder when q is divided by 11?
9
Suppose 3*o - 34 = 4*r, 2*r + 62 = 4*o - 0*r. Let f = o - 7. What is the remainder when 31 is divided by f?
9
Let v(q) = q**3 + 9*q**2 - q - 6. What is the remainder when 6 is divided by v(-9)?
0
Let c = -6 - -11. Let u = c + -8. Let b = 41 + u. Calculate the remainder when b is divided by 13.
12
Let w = -5 + -2. Calculate the remainder when (-6)/(-21) + (-89)/w is divided by (8/(-5))/(12/(-30)).
1
Let o(w) = -2*w - 3. Let b be o(-2). Let a = 4 + -1. Let f = b + a. What is the remainder when f is divided by 2?
0
Let u(i) = -2*i + 32. Suppose 16 = -4*l, -4*w - 2*l = w - 17. Let r(v) = -v**3 + 5*v**2 + 6*v - 2. Calculate the remainder when r(w) is divided by u(11).
8
What is the remainder when 3/((-3)/(-696)*6) is divided by 40?
36
Suppose -k + 2 - 13 = 0. Let o = k - -16. What is the remainder when 17 is divided by o?
2
Let p(z) = -15*z**3 + 2*z**2 - 2*z + 1. Let d be p(2). Let i = -215 - d. Let h = -62 - i. Calculate the remainder when h is divided by 10.
8
Let g = 16 + 19. Suppose k = -k. Suppose -4*y + 9 + 39 = k. Calculate the remainder when g is divided by y.
11
Let n(x) = -x**2 - 4*x + 3. Let h be n(-5). What is the remainder when 11 is divided by 5 - (3 - (-8)/h)?
5
What is the remainder when (-4)/6 - (-488)/12 is divided by 14?
12
Suppose 168 + 36 = 4*m. Calculate the remainder when m is divided by 26.
25
Let l = 14 - 6. Let h = -7 + l. What is the remainder when h is divided by 1?
0
Let n = 25 - 8. Calculate the remainder when 66 is divided by n.
15
Suppose -2*a + 2*g = -214, 4*g + 322 = -5*a + 8*a. What is the remainder when a is divided by 36?
34
Suppose v = 3*l - 16, -3*l + 5*l + 6 = 4*v. Calculate the remainder when 29 is divided by (-2)/l - 114/(-7).
13
Suppose -t - 122 = -3*t. Let d(y) = -2*y**3 - 5*y**2 - 4*y. Calculate the remainder when t is divided by d(-3).
19
Let v be 14 - 4/((-4)/(-3)). Let o = v + -6. Suppose -o*u = 3 - 98. What is the remainder when u is divided by 5?
4
What is the remainder when 24 is divided by 17 + 3 + 21/(-3)?
11
Calculate the remainder when 34 is divided by 122*1/14 - 4/(-14).
7
Let a(l) = -4 - 4*l**2 + 3*l**2 + 1 - l - 6*l. Suppose -2*b = 3*w + 4, -3*b = 5*w - w + 5. Calculate the remainder when a(-6) is divided by b.
0
Let l = 78 + -53. What is the remainder when 49 is divided by l?
24
Calculate the remainder when (-3116)/(-95) + 8/(-10) is divided by 5.
2
Let i = 160 + -147. Calculate the remainder when 51 is divided by i.
12
Suppose -66 = -3*u - u - v, u + 2*v - 13 = 0. Let t(h) = h**3 + 8*h**2 + 6*h + 3. What is the remainder when u is divided by t(-7)?
7
Let w = -33 + 46. Let l = w + -7. Calculate the remainder when l is divided by 2.
0
Let a = 2 + -3. Let b(q) = -4*q + q + 0*q. What is the remainder when 5 is divided by b(a)?
2
Let n be ((-14)/2)/((-2)/138). Suppose -3*k + 2*w = -8*k + n, 2*k = -3*w + 191. Calculate the remainder when k is divided by 25.
22
Suppose 48 = 3*v - 87. Calculate the remainder when v is divided by 12.
9
Suppose -6*k + 18 = u - k, 3*u - 4*k = 149. Calculate the remainder when 126 is divided by u.
40
Suppose -36 = b - 5*b. Calculate the remainder when 4/(2/(-8)*-1) is divided by b.
7
Suppose 0 = 3*q - 15, 3*r = -q + 4 + 13. What is the remainder when 7 is divided by r?
3
Let p be (1/1)/1 + 3. Suppose -3*u + 14 = -p. Calculate the remainder when u is divided by 5.
1
Calculate the remainder when 2*-10*15/(-20) is divided by (0 + 4/(-5))*-10.
7
Let j(l) = l**3 + 7*l**2 + 5*l - 2. Let g be j(-6). Suppose 0 = -r + k - 5*k - 8, 56 = 5*r - g*k. What is the remainder when 31 is divided by r?
7
Suppose -3*d + 5*z = 2*d - 240, 2*z = 2. Calculate the remainder when d is divided by 25.
24
Suppose 2*w + w + 2*m - 23 = 0, -13 = -5*w + 3*m. Suppose -5*g - 3*s + 140 = 0, 0 = -g + 2*s + w + 36. Calculate the remainder when g is divided by 16.
15
Let d(t) = -t - 1. Let h be d(-1). Suppose -b + o + h*o + 11 = 0, b + 3*o = 31. What is the remainder when 30 is divided by b?
14
Let j = 10 - 14. What is the remainder when (1 + -4)/(3/(-2)) is divided by (1/1)/(j/(-8))?
0
Let n be (-3 + 10)*6*-1. Calculate the remainder when 20 is divided by n/(-5) - (-10)/(-25).
4
Suppose 11 + 181 = 4*k - 2*n, -5*n = -10. Calculate the remainder when k is divided by 13.
10
Suppose -o + 2*o - 6 = 4*h, 0 = 3*o + 2*h - 18. What is the remainder when 20 is divided by ((-4)/o)/(4/(-42))?
6
Let d(n) = 2*n**2 - 2*n + 1. What is the remainder when d(3) is divided by 4?
1
Let y(m) = -m**2 + 10*m - 6. Suppose 4*v - 2*f = 36, 5*v + 13 = 4*v - 5*f. Calculate the remainder when (-1)/(-1) + (1 - -26) is divided by y(v).
13
Let k(x) = 2*x**2 + 5*x + 2. Let t be ((-2)/8)/(1/(-4)). Suppose -4*w + 11 + t = 0. What is the remainder when k(-3) is divided by w?
2
Let k(w) = -w**3 - w - 18. Let u be k(0). Let p = 35 + u. What is the remainder when p is divided by 5?
2
Suppose -59 = -3*p + 28. Let a(s) = s**3 + 8*s**2 - 12*s - 8. Let c be a(-9). Let d = p - c. Calculate the remainder when 29 is divided by d.
9
Let c = -39 - -44. Calculate the remainder when 23 is divided by c.
3
Let j be 1/4 + (-19)/(-4). Let g(f) = 2*f + 3. Calc